{"id":175,"date":"2016-12-16T16:18:53","date_gmt":"2016-12-16T15:18:53","guid":{"rendered":"http:\/\/www.aufkleber-druck-profi.de\/?page_id=175"},"modified":"2016-12-29T23:01:31","modified_gmt":"2016-12-29T22:01:31","slug":"branchenloesungen","status":"publish","type":"page","link":"http:\/\/dekoration-profi.de\/?page_id=175","title":{"rendered":"Branchenl\u00f6sungen"},"content":{"rendered":"<div class=\"page\" title=\"Page 1\">\n<div class=\"layoutArea\">\n<div class=\"column\">\n<p>F\u00fcr die unterschiedlichsten Branchen (z. B. Automobilhandel, Apotheken, Bekleidung, Mobilfunkvertieb, Optiker, Reiseb\u00fcros &#8230;) sind spezielle Dekorationen vorhanden, die von Dekorateuren angeboten werden.<br \/>\nDiese Branchen-Dekorationen sind nicht nur zum Kauf erh\u00e4ltlich, sondern auch zur Miete. Interessenten k\u00f6nnen sich an einen Dekorateuer wenden, die mit den entsprechenden Dekorationselementen ausger\u00fcstet sind.<br \/>\nNeben der Schaufenstergestaltung k\u00f6nnen auch die Verkaufsr\u00e4ume wahlweise komplett oder teilweise dekoriert werden. Hierbei kann auch die Dauer bzw. der Wechselmodus vereinbart werden.<br \/>\nSo ist es m\u00f6glich, monatlich eine Umgestaltung der Dekoration vorzunehmen.<\/p>\n<p>F\u00fcr ein Reiseb\u00fcro kann das bedeuten, dass im monatlichen Wechsel die Themen Badeurlaub, Fernreisen, Kreuzfahrten, Winterurlaub usw. dekoriert werden. Um die jeweiligen Bestandteile der Dekoration muss sich der Auftraggeber nicht sorgen, da der Dekoratuer alle ben\u00f6tigten Accessoires mitbringt. Das ist f\u00fcr alle interessant, die weder ein gro\u00dfes Lager f\u00fcr Dekorationen vorhalten und auch keine Investitionen f\u00fcr umfangreiche Dekorationen vornehmen wollen.<\/p>\n<\/div>\n<\/div>\n<\/div>\n","protected":false},"excerpt":{"rendered":"<p>F\u00fcr die unterschiedlichsten Branchen (z. B. Automobilhandel, Apotheken, Bekleidung, Mobilfunkvertieb, Optiker, Reiseb\u00fcros &#8230;) sind spezielle Dekorationen vorhanden, die von Dekorateuren<\/p>\n","protected":false},"author":1,"featured_media":0,"parent":0,"menu_order":0,"comment_status":"closed","ping_status":"closed","template":"","meta":{"footnotes":""},"_links":{"self":[{"href":"http:\/\/dekoration-profi.de\/index.php?rest_route=\/wp\/v2\/pages\/175"}],"collection":[{"href":"http:\/\/dekoration-profi.de\/index.php?rest_route=\/wp\/v2\/pages"}],"about":[{"href":"http:\/\/dekoration-profi.de\/index.php?rest_route=\/wp\/v2\/types\/page"}],"author":[{"embeddable":true,"href":"http:\/\/dekoration-profi.de\/index.php?rest_route=\/wp\/v2\/users\/1"}],"replies":[{"embeddable":true,"href":"http:\/\/dekoration-profi.de\/index.php?rest_route=%2Fwp%2Fv2%2Fcomments&post=175"}],"version-history":[{"count":11,"href":"http:\/\/dekoration-profi.de\/index.php?rest_route=\/wp\/v2\/pages\/175\/revisions"}],"predecessor-version":[{"id":390,"href":"http:\/\/dekoration-profi.de\/index.php?rest_route=\/wp\/v2\/pages\/175\/revisions\/390"}],"wp:attachment":[{"href":"http:\/\/dekoration-profi.de\/index.php?rest_route=%2Fwp%2Fv2%2Fmedia&parent=175"}],"curies":[{"name":"wp","href":"https:\/\/api.w.org\/{rel}","templated":true}]}}